e k(c).
1
Let y(d) = -d**2 - 6*d - 6. Let o = 0 + 3. Let l be 4 + 0/(-5) + 14. Suppose 0 = -2*m + v - 12, -m + 4*m - o*v + l = 0. Calculate y(m).
-6
Let h(b) = -2*b + 3. Let j be 10/(65/9 - 7). Let v = -7 + 1. Let g be (-73)/(-15) - v/j. Calculate h(g).
-7
Let o be 3 - (-5 + 4 + -4). Let p(j) = 5*j. What is p(o)?
40
Suppose 0 = j + 5, -3*d - 3*j = 2*d + 5. Suppose 0 = -w + d. Let c(v) be the third derivative of v**5/30 - v**4/12 - v**3/6 + 20*v**2. Calculate c(w).
3
Let m(v) be the first derivative of 11*v**2 + 20. Determine m(-2).
-44
Let o(n) be the third derivative of -n**3/6 - 18*n**2. Let m(v) = -v**2 - 5*v - 8. Let a(b) = m(b) - 6*o(b). What is a(-3)?
4
Let s(f) be the first derivative of -3*f - 5 - 1/4*f**4 + 2*f**3 - 5/2*f**2. Let z(w) = w - 3. Let o be z(7). Calculate s(o).
9
Let x(c) be the third derivative of -c**5/60 - c**4/24 + c**3 + 25*c**2 - 2. Determine x(-5).
-14
Let k(g) be the second derivative of -g**3/6 - 3*g**2/2 - g. Let o(a) = 6*a - 88. Let n be o(14). Give k(n).
1
Let u(i) = -i**2 - i. Let t(l) = -2*l**2 - 4*l + 2*l + 5*l**2 + 5*l**2 - 20*l**2. Let y be (4/2 + -1)*2. Let n(x) = y*u(x) - t(x). Determine n(1).
10
Let l(u) be the first derivative of u**2 + 7*u - 14. Let a be 56/6 + (-4)/(-6). Suppose a = -3*s - 8. Determine l(s).
-5
Let b(y) = 5*y - 672 + 330 + 331. Calculate b(10).
39
Let s(x) = -6*x - 1. Suppose 5*n = -5*u + 30, -4*u + 11 + 11 = 3*n. Determine s(u).
-25
Suppose 2*w = 0, 2*n + 2*w + 5 = 19. Let y(u) be the second derivative of -u**3/3 + 7*u**2/2 - u - 159. Determine y(n).
-7
Let x(b) be the third derivative of 0 - 1/60*b**5 - 7/6*b**3 + 0*b**4 + 6*b**2 + 0*b. Calculate x(0).
-7
Suppose -d + 35 = 2*y + 33, 3*d + y = -9. Let w(h) = -4*h - 16. What is w(d)?
0
Let n(u) = -4*u + 1. Let d be n(-1). Suppose g = -5*w + 4*g + 16, 2*w - 5*g + d = 0. Let p(j) = 4*j - 6. Give p(w).
14
Let c(z) = z**3 + 9*z**2 + 9*z + 12. Let h be c(-8). Let i(j) = j**2 + h + j + 0*j**2 + 3 + 4*j. Calculate i(-5).
7
Let l = 17 - 20. Let x be (1 + -3)*3/l. Let q(h) = -h**3 + 3*h**2 - 4*h + 3. Calculate q(x).
-1
Let m be -14 - -15 - (4 - 0). Let a(q) be the second derivative of q**4/6 + q**3/3 - 2*q**2 - 85*q. What is a(m)?
8
Let o = 179 + -178. Let v(l) be the first derivative of -l**2 - 1/3*l**3 + 1/4*l**4 - 2*l - o. What is v(-2)?
-10
Let a(q) = 2*q**3 + 4*q**2 - 2*q - 2. Let p(z) = -2*z - 42. Let m be p(-21). Suppose -6 = 2*r - m. Determine a(r).
-14
Let r(x) = -x**2 + x - 3. Let v(z) = -3*z**2 + 2*z - 9. Let a be 0 - (-40)/(-4 - -9). Let b(l) = a*r(l) - 3*v(l). Calculate b(-3).
6
Let q(o) = -o - 3. Let g = 2020 + -1993. Let y = -42 + 62. Let c = y - g. Determine q(c).
4
Let k(b) be the first derivative of -1/120*b**6 + 3/2*b**2 + 0*b - 5/24*b**4 + 1/10*b**5 + 1/6*b**3 + 4. Let d(m) be the second derivative of k(m). Give d(5).
1
Let q(y) = 66*y - 331. Let b be q(5). Let r(c) = 4*c + 4. Calculate r(b).
0
Let g(w) = -2 - 6*w + 9*w + 1 - 8*w. Suppose 0*n - 5*n + 10 = 0. What is g(n)?
-11
Let s(t) = -t**2 + 27. Suppose -20*z = -27*z. Calculate s(z).
27
Let l(z) = z**3 + 13*z**2 - 15*z - 17. Let s(i) = -2*i**3 + 33*i**2 - 47*i + 16. Let q be s(15). What is l(q)?
-3
Let s(w) = w**3 + w - 8. Suppose 2*u - 17*u = 0. What is s(u)?
-8
Let y(z) = z**2 + 4*z - 4. Let x(g) = -g**2 - 5*g + 5. Let c(w) = 4*x(w) + 5*y(w). Suppose 4 = -2*s + 6. Let f = 2 + s. Calculate c(f).
9
Let k be 5/(-2)*(-1 + 2 - -1). Let j(c) = 11*c**3 + 19*c**2 - 2*c - 3. Let d(y) = -5*y**3 - 9*y**2 + y + 1. Let r(w) = -9*d(w) - 4*j(w). Determine r(k).
8
Let u(q) be the second derivative of -1/20*q**5 + 5/2*q**2 - 7/6*q**3 + 0 + 5/12*q**4 - 3*q. Let x = -4 + 8. Give u(x).
-7
Let i(u) = 7*u - 4. Let f(y) = 27*y - 15. Let t(n) = -4*f(n) + 15*i(n). Let m = -40 + 35. Let x(r) = 2*r. Let d(o) = m*t(o) - 7*x(o). Calculate d(-2).
-2
Let q(f) be the third derivative of -f**7/1260 - f**6/720 - f**5/6 + 5*f**2. Let v(r) be the third derivative of q(r). Let z be 1 - 1 - (-1)/1. Calculate v(z).
-5
Let t(u) = 10*u - 4. Let h be t(1). Let c(l) = h*l - l - l. What is c(-4)?
-16
Suppose 0 = -7*z + 4 - 25. Let l(v) = -v**3 - 4*v**2 - 2*v + 2. What is l(z)?
-1
Let t(y) = -y**3 + 5*y**2 - 6*y + 1. Let v be 4/10 + 196/10. Suppose 5*a = 3*a + v. Let n = 14 - a. What is t(n)?
-7
Suppose 0 = 33*s - 32*s + 62. Let u = -62 - s. Let y(j) = -j - 8. Let c(v) = -1. Let i(d) = 4*c(d) - y(d). What is i(u)?
4
Let i(u) = u**3 - 4*u**2 + 2*u - 8. Let j be i(4). Suppose p + j + 6 = -5*m, 4*m + 8 = -4*p. Let d(c) = 20*c**2 - c - 1. What is d(m)?
20
Let a(r) = -r**3 - 9*r**2 + 22*r + 196. Let v be a(-9). Let f(i) = -4*i**3 + 2*i**2 - i. What is f(v)?
42
Let g(b) = b**2 - 3. Let d be g(0). Let s = d + 6. Let v(u) = -8 - 4 + 6 + 7 - u**2. Calculate v(s).
-8
Let h(o) be the second derivative of o**4/12 - 5*o**3/2 - 33*o**2/2 + 420*o. Give h(17).
1
Let c(q) = q - 14. Let k(i) = i - 13. Let p(b) = -2*c(b) + 3*k(b). Give p(13).
2
Let m(z) = -z**2 - 9*z + 9. Let r(c) = -c + 1. Let d(t) = -m(t) + 6*r(t). Calculate d(-6).
15
Let y(x) = -x**2 + 6*x - 6. Let v be y(4). Let t(m) = m + 2 + 29*m**2 - m**3 + m - 11*m**2 - 15*m**v. Suppose 20 = -5*z, -f - z + 24 = -6*z. Give t(f).
-6
Let o(b) be the second derivative of b**5/20 - b**4/2 + 5*b**3/6 + 2*b**2 + 127*b. What is o(5)?
4
Let a(h) = -h**2 - 5*h. Suppose -4*d - d = -95. Let o = d + -23. Give a(o).
4
Let n be 18/5 + (-8)/(-20). Let s(c) = -3 - 3*c + 11*c**2 + c + n. Suppose q - 3 - 2 = -g, -5*g + 5*q = 15. Determine s(g).
10
Let f(o) = -13*o - 5. Let p(z) = -z - 1. Let u(d) = d - 1. Let v(h) = -2*p(h) + u(h). Let w(t) = 2*f(t) + 9*v(t). Suppose 0 = 34*j - 31*j + 3. Give w(j).
-2
Let g be 2 + -5 + 3/1. Let z(i) be the third derivative of g - i**2 + 0*i + 7/60*i**5 + 1/120*i**6 + 7/6*i**3 + 1/3*i**4. Determine z(-6).
-5
Let x(a) = 2*a**3 + 3*a**2 + a + 2. Let m be (-120)/(-16)*(-4)/(-6). Suppose -3*c = -y - 17, m*c - 29 = 3*y - y. Calculate x(y).
-4
Let p(g) = -g**2 + 18*g + 5. Let l be p(18). Let v(u) = 3 - 62*u + 61*u - l. Give v(7).
-9
Let o(a) = -a + 3. Let b be (9/(-9))/(1/(-3)). Suppose 12 = b*j + 3. Give o(j).
0
Let p = 9 + -34. Let r be (-3 + p/(-15))*-6. Let b(y) = 2 + r*y - 3 + 1. What is b(-1)?
-8
Let g(a) = a + 16. Let o(x) = 2*x + 31. Let b(f) = -5*g(f) + 3*o(f). Give b(-17).
-4
Let b(v) = 2*v**2 + 3*v - 7. Let m(d) = d**2 + 2*d - 4. Suppose -p + 7 = 2*z, -3*p + 5 = -3*z - 7. Let t(y) = p*m(y) - 2*b(y). What is t(-6)?
6
Suppose -2*k - 26*t + 25*t = 10, 2*k + 16 = -4*t. Let c(o) = -o**3 - 4*o**2 - 2*o - 8. What is c(k)?
0
Let k be (2 - 2) + (5 - 8). Let q(w) be the second derivative of w**4/12 + w**3/3 - w**2 - 11*w. Determine q(k).
1
Suppose 0 = -5*a + 2*x + 7, -8 = 4*a - 7*a + 5*x. Let g(v) = 2*v**2 - v**2 + 1 + 3*v - 6*v**3 - 4*v. Determine g(a).
-5
Let s = 20 + -15. Let n(x) = 7*x**3 - 6*x**2 - 5. Let k(y) = -y**3 + y. Let o(g) = g**2 - g + 6. Let t be o(0). Let p(r) = t*k(r) + n(r). Determine p(s).
0
Let c(t) = -7*t**3 - t**2 - 3*t - 12. Let q(h) = 6*h**3 + 3*h + 10. Let v(o) = -5*c(o) - 6*q(o). What is v(3)?
9
Let h(o) = 5*o**3 + 25*o**2 - 5*o + 59. Let p(b) = 2*b**3 - 2*b**2 - b + 1. Let k(g) = -h(g) + 3*p(g). Give k(31).
6
Suppose 3*i - h - 142 = 0, -4*h - 134 = -3*i + h. Suppose 0*d - 6*d + i = 0. Let v(s) = 3*s - 7. Give v(d).
17
Let g(k) = -5*k**3 - k**2 + 5*k + 5. Let y be g(-1). Let p(a) = a - 3. What is p(y)?
1
Suppose -r - 3*d + 19 = 6, -r - 5*d + 19 = 0. Let v(c) be the third derivative of -c**6/120 + c**5/12 - c**4/12 + c**3/6 - 4*c**2. Calculate v(r).
9
Let v(m) be the first derivative of -6*m + 1/2*m**2 + 39. Determine v(12).
6
Let x(d) = 2*d**2 - 3 + 4*d + 2*d**2 - 5*d**2. Let o(m) = m**2 + 28*m - 58. Let y be o(-30). Calculate x(y).
1
Let l(f) = -f**2 - 6*f + 5. Suppose -3*w - 24 = -3*a, -3*w - 7*a + 3*a = 10. Calculate l(w).
5
Suppose 553 = -52*v + 85. Let w(i) = -i**3 - 8*i**2 + 7*i - 5. Determine w(v).
13
Let r(o) = o + 2*o - 16*o - 5*o + 23 + o**2. Determine r(16).
-9
Let s(p) be the first derivative of 3*p**2/2 - 2*p - 1755. Let d = 18 + -13. Let y = 3 - d. Give s(y).
-8
Let n(i) = -i + 1. Let h(b) = b + 13. Let f be h(-8). Let z(q) = q**3 - 5*q**2 + 3. Let u be z(f). Let l be (1 - -1)/((-1)/u). Determine n(l).
7
Let t(i) = 2*i - 1 - i**3 + 22*i**2 - 2 + 0 - 24*i**2. Suppose -3 = -r + 2*k, -4*r + k = -0*k - 12. Suppose u = -r*u